{"id":256,"date":"2022-09-14T19:17:10","date_gmt":"2022-09-14T19:17:10","guid":{"rendered":"https:\/\/www.trincoll.edu\/biology\/biology-department-events-2\/"},"modified":"2025-04-23T20:21:06","modified_gmt":"2025-04-23T20:21:06","slug":"biology-department-events-2","status":"publish","type":"page","link":"https:\/\/www.trincoll.edu\/biology\/biology-department-events-2\/","title":{"rendered":"Department Events"},"content":{"rendered":"<p>Click <strong><a href=\"https:\/\/events.trincoll.edu\/biology\/#!view\/all\">HERE<\/a><\/strong> to view the Biology Department&#8217;s Campus Events Calendar.<\/p>\n<p>&nbsp;<\/p>\n<hr \/>\n<p><strong>Upcoming Events:<\/strong><\/p>\n<hr \/>\n<p><strong><br \/>\nApril 25, 1:30 pm<\/strong><strong><img loading=\"lazy\" decoding=\"async\" class=\"wp-image-497 alignright\" src=\"https:\/\/www.trincoll.edu\/biology\/wp-content\/uploads\/sites\/34\/2024\/04\/Trinity-College-Biology-Wordmark.png\" alt=\"\" width=\"580\" height=\"66\" srcset=\"https:\/\/www.trincoll.edu\/biology\/wp-content\/uploads\/sites\/34\/2024\/04\/Trinity-College-Biology-Wordmark.png 1222w, https:\/\/www.trincoll.edu\/biology\/wp-content\/uploads\/sites\/34\/2024\/04\/Trinity-College-Biology-Wordmark-300x34.png 300w, https:\/\/www.trincoll.edu\/biology\/wp-content\/uploads\/sites\/34\/2024\/04\/Trinity-College-Biology-Wordmark-1024x116.png 1024w, https:\/\/www.trincoll.edu\/biology\/wp-content\/uploads\/sites\/34\/2024\/04\/Trinity-College-Biology-Wordmark-768x87.png 768w, https:\/\/www.trincoll.edu\/biology\/wp-content\/uploads\/sites\/34\/2024\/04\/Trinity-College-Biology-Wordmark-1220x139.png 1220w\" sizes=\"auto, (max-width: 580px) 100vw, 580px\" \/><\/strong><br \/>\nLSC Lecture Room 138-139<br \/>\nDr. Carlos Garc\u00eda N\u00fa\u00f1ez<br \/>\n<em>Lecture and Discussion: Dynamics of Woody Species Colonization in Grasslands of the Seasonal Savannas of the Orinoco Plains in Venezuela<\/em><\/p>\n<p><strong><img loading=\"lazy\" decoding=\"async\" class=\"size-thumbnail wp-image-487 alignright\" src=\"https:\/\/www.trincoll.edu\/biology\/wp-content\/uploads\/sites\/34\/2024\/04\/Carlos-Garcia-Nunez-Profile-Pic-150x150.jpg\" alt=\"\" width=\"150\" height=\"150\" \/><\/strong><\/p>\n<p>&nbsp;<\/p>\n<p><a href=\"https:\/\/www.trincoll.edu\/biology\/wp-content\/uploads\/sites\/34\/2025\/04\/Flyer-Seminar-Savanna_CarlosGarciaNunez_Dept-Biol-Trinity-April-2025.pdf\">Flyer Seminar Savanna_CarlosGarciaNunez_Dept Biol Trinity April 2025<\/a><\/p>\n<p>&nbsp;<\/p>\n<hr \/>\n<p>&nbsp;<\/p>\n<hr \/>\n<p>&nbsp;<\/p>\n","protected":false},"excerpt":{"rendered":"<p>Click HERE to view the Biology Department&#8217;s Campus Events Calendar. &nbsp; Upcoming Events: April 25, 1:30 pm LSC Lecture Room 138-139 Dr. Carlos Garc\u00eda N\u00fa\u00f1ez Lecture and Discussion: Dynamics of Woody Species Colonization in Grasslands of the Seasonal Savannas of the Orinoco Plains in Venezuela &nbsp; Flyer Seminar Savanna_CarlosGarciaNunez_Dept Biol Trinity April 2025 &nbsp; &nbsp; [&hellip;]<\/p>\n","protected":false},"author":450,"featured_media":0,"parent":0,"menu_order":14,"comment_status":"closed","ping_status":"closed","template":"","meta":{"_acf_changed":false,"footnotes":""},"class_list":["post-256","page","type-page","status-publish","hentry"],"acf":[],"yoast_head":"<!-- This site is optimized with the Yoast SEO Premium plugin v24.5 (Yoast SEO v25.8) - https:\/\/yoast.com\/wordpress\/plugins\/seo\/ -->\n<title>Department Events - Biology<\/title>\n<meta name=\"robots\" content=\"index, follow, max-snippet:-1, max-image-preview:large, max-video-preview:-1\" \/>\n<link rel=\"canonical\" href=\"https:\/\/www.trincoll.edu\/biology\/biology-department-events-2\/\" \/>\n<meta property=\"og:locale\" content=\"en_US\" \/>\n<meta property=\"og:type\" content=\"article\" \/>\n<meta property=\"og:title\" content=\"Department Events\" \/>\n<meta property=\"og:description\" content=\"Click HERE to view the Biology Department&#8217;s Campus Events Calendar. &nbsp; Upcoming Events: April 25, 1:30 pm LSC Lecture Room 138-139 Dr. Carlos Garc\u00eda N\u00fa\u00f1ez Lecture and Discussion: Dynamics of Woody Species Colonization in Grasslands of the Seasonal Savannas of the Orinoco Plains in Venezuela &nbsp; Flyer Seminar Savanna_CarlosGarciaNunez_Dept Biol Trinity April 2025 &nbsp; &nbsp; [&hellip;]\" \/>\n<meta property=\"og:url\" content=\"https:\/\/www.trincoll.edu\/biology\/biology-department-events-2\/\" \/>\n<meta property=\"og:site_name\" content=\"Biology\" \/>\n<meta property=\"article:modified_time\" content=\"2025-04-23T20:21:06+00:00\" \/>\n<meta property=\"og:image\" content=\"https:\/\/www.trincoll.edu\/biology\/wp-content\/uploads\/sites\/34\/2024\/04\/Trinity-College-Biology-Wordmark.png\" \/>\n\t<meta property=\"og:image:width\" content=\"1222\" \/>\n\t<meta property=\"og:image:height\" content=\"139\" \/>\n\t<meta property=\"og:image:type\" content=\"image\/png\" \/>\n<meta name=\"twitter:card\" content=\"summary_large_image\" \/>\n<meta name=\"twitter:label1\" content=\"Est. reading time\" \/>\n\t<meta name=\"twitter:data1\" content=\"1 minute\" \/>\n<script type=\"application\/ld+json\" class=\"yoast-schema-graph\">{\"@context\":\"https:\/\/schema.org\",\"@graph\":[{\"@type\":\"WebPage\",\"@id\":\"https:\/\/www.trincoll.edu\/biology\/biology-department-events-2\/\",\"url\":\"https:\/\/www.trincoll.edu\/biology\/biology-department-events-2\/\",\"name\":\"Department Events - Biology\",\"isPartOf\":{\"@id\":\"https:\/\/www.trincoll.edu\/biology\/#website\"},\"primaryImageOfPage\":{\"@id\":\"https:\/\/www.trincoll.edu\/biology\/biology-department-events-2\/#primaryimage\"},\"image\":{\"@id\":\"https:\/\/www.trincoll.edu\/biology\/biology-department-events-2\/#primaryimage\"},\"thumbnailUrl\":\"https:\/\/www.trincoll.edu\/biology\/wp-content\/uploads\/sites\/34\/2024\/04\/Trinity-College-Biology-Wordmark.png\",\"datePublished\":\"2022-09-14T19:17:10+00:00\",\"dateModified\":\"2025-04-23T20:21:06+00:00\",\"breadcrumb\":{\"@id\":\"https:\/\/www.trincoll.edu\/biology\/biology-department-events-2\/#breadcrumb\"},\"inLanguage\":\"en-US\",\"potentialAction\":[{\"@type\":\"ReadAction\",\"target\":[\"https:\/\/www.trincoll.edu\/biology\/biology-department-events-2\/\"]}]},{\"@type\":\"ImageObject\",\"inLanguage\":\"en-US\",\"@id\":\"https:\/\/www.trincoll.edu\/biology\/biology-department-events-2\/#primaryimage\",\"url\":\"https:\/\/www.trincoll.edu\/biology\/wp-content\/uploads\/sites\/34\/2024\/04\/Trinity-College-Biology-Wordmark.png\",\"contentUrl\":\"https:\/\/www.trincoll.edu\/biology\/wp-content\/uploads\/sites\/34\/2024\/04\/Trinity-College-Biology-Wordmark.png\",\"width\":1222,\"height\":139},{\"@type\":\"BreadcrumbList\",\"@id\":\"https:\/\/www.trincoll.edu\/biology\/biology-department-events-2\/#breadcrumb\",\"itemListElement\":[{\"@type\":\"ListItem\",\"position\":1,\"name\":\"Home\",\"item\":\"https:\/\/www.trincoll.edu\/biology\/\"},{\"@type\":\"ListItem\",\"position\":2,\"name\":\"Department Events\"}]},{\"@type\":\"WebSite\",\"@id\":\"https:\/\/www.trincoll.edu\/biology\/#website\",\"url\":\"https:\/\/www.trincoll.edu\/biology\/\",\"name\":\"Biology\",\"description\":\"Biology Department at Trinity College\",\"potentialAction\":[{\"@type\":\"SearchAction\",\"target\":{\"@type\":\"EntryPoint\",\"urlTemplate\":\"https:\/\/www.trincoll.edu\/biology\/?s={search_term_string}\"},\"query-input\":{\"@type\":\"PropertyValueSpecification\",\"valueRequired\":true,\"valueName\":\"search_term_string\"}}],\"inLanguage\":\"en-US\"}]}<\/script>\n<!-- \/ Yoast SEO Premium plugin. -->","yoast_head_json":{"title":"Department Events - Biology","robots":{"index":"index","follow":"follow","max-snippet":"max-snippet:-1","max-image-preview":"max-image-preview:large","max-video-preview":"max-video-preview:-1"},"canonical":"https:\/\/www.trincoll.edu\/biology\/biology-department-events-2\/","og_locale":"en_US","og_type":"article","og_title":"Department Events","og_description":"Click HERE to view the Biology Department&#8217;s Campus Events Calendar. &nbsp; Upcoming Events: April 25, 1:30 pm LSC Lecture Room 138-139 Dr. Carlos Garc\u00eda N\u00fa\u00f1ez Lecture and Discussion: Dynamics of Woody Species Colonization in Grasslands of the Seasonal Savannas of the Orinoco Plains in Venezuela &nbsp; Flyer Seminar Savanna_CarlosGarciaNunez_Dept Biol Trinity April 2025 &nbsp; &nbsp; [&hellip;]","og_url":"https:\/\/www.trincoll.edu\/biology\/biology-department-events-2\/","og_site_name":"Biology","article_modified_time":"2025-04-23T20:21:06+00:00","og_image":[{"width":1222,"height":139,"url":"https:\/\/www.trincoll.edu\/biology\/wp-content\/uploads\/sites\/34\/2024\/04\/Trinity-College-Biology-Wordmark.png","type":"image\/png"}],"twitter_card":"summary_large_image","twitter_misc":{"Est. reading time":"1 minute"},"schema":{"@context":"https:\/\/schema.org","@graph":[{"@type":"WebPage","@id":"https:\/\/www.trincoll.edu\/biology\/biology-department-events-2\/","url":"https:\/\/www.trincoll.edu\/biology\/biology-department-events-2\/","name":"Department Events - Biology","isPartOf":{"@id":"https:\/\/www.trincoll.edu\/biology\/#website"},"primaryImageOfPage":{"@id":"https:\/\/www.trincoll.edu\/biology\/biology-department-events-2\/#primaryimage"},"image":{"@id":"https:\/\/www.trincoll.edu\/biology\/biology-department-events-2\/#primaryimage"},"thumbnailUrl":"https:\/\/www.trincoll.edu\/biology\/wp-content\/uploads\/sites\/34\/2024\/04\/Trinity-College-Biology-Wordmark.png","datePublished":"2022-09-14T19:17:10+00:00","dateModified":"2025-04-23T20:21:06+00:00","breadcrumb":{"@id":"https:\/\/www.trincoll.edu\/biology\/biology-department-events-2\/#breadcrumb"},"inLanguage":"en-US","potentialAction":[{"@type":"ReadAction","target":["https:\/\/www.trincoll.edu\/biology\/biology-department-events-2\/"]}]},{"@type":"ImageObject","inLanguage":"en-US","@id":"https:\/\/www.trincoll.edu\/biology\/biology-department-events-2\/#primaryimage","url":"https:\/\/www.trincoll.edu\/biology\/wp-content\/uploads\/sites\/34\/2024\/04\/Trinity-College-Biology-Wordmark.png","contentUrl":"https:\/\/www.trincoll.edu\/biology\/wp-content\/uploads\/sites\/34\/2024\/04\/Trinity-College-Biology-Wordmark.png","width":1222,"height":139},{"@type":"BreadcrumbList","@id":"https:\/\/www.trincoll.edu\/biology\/biology-department-events-2\/#breadcrumb","itemListElement":[{"@type":"ListItem","position":1,"name":"Home","item":"https:\/\/www.trincoll.edu\/biology\/"},{"@type":"ListItem","position":2,"name":"Department Events"}]},{"@type":"WebSite","@id":"https:\/\/www.trincoll.edu\/biology\/#website","url":"https:\/\/www.trincoll.edu\/biology\/","name":"Biology","description":"Biology Department at Trinity College","potentialAction":[{"@type":"SearchAction","target":{"@type":"EntryPoint","urlTemplate":"https:\/\/www.trincoll.edu\/biology\/?s={search_term_string}"},"query-input":{"@type":"PropertyValueSpecification","valueRequired":true,"valueName":"search_term_string"}}],"inLanguage":"en-US"}]}},"_links":{"self":[{"href":"https:\/\/www.trincoll.edu\/biology\/wp-json\/wp\/v2\/pages\/256","targetHints":{"allow":["GET"]}}],"collection":[{"href":"https:\/\/www.trincoll.edu\/biology\/wp-json\/wp\/v2\/pages"}],"about":[{"href":"https:\/\/www.trincoll.edu\/biology\/wp-json\/wp\/v2\/types\/page"}],"author":[{"embeddable":true,"href":"https:\/\/www.trincoll.edu\/biology\/wp-json\/wp\/v2\/users\/450"}],"replies":[{"embeddable":true,"href":"https:\/\/www.trincoll.edu\/biology\/wp-json\/wp\/v2\/comments?post=256"}],"version-history":[{"count":0,"href":"https:\/\/www.trincoll.edu\/biology\/wp-json\/wp\/v2\/pages\/256\/revisions"}],"wp:attachment":[{"href":"https:\/\/www.trincoll.edu\/biology\/wp-json\/wp\/v2\/media?parent=256"}],"curies":[{"name":"wp","href":"https:\/\/api.w.org\/{rel}","templated":true}]}}